{"id":1145,"date":"2024-08-23T19:42:31","date_gmt":"2024-08-23T17:42:31","guid":{"rendered":"https:\/\/piusvdeblin.pl\/?page_id=1145"},"modified":"2024-08-23T20:12:19","modified_gmt":"2024-08-23T18:12:19","slug":"poswiecenie-ornatu-blogoslawionych-meczennikow-pratulinskich","status":"publish","type":"page","link":"https:\/\/piusvdeblin.pl\/index.php\/galeria\/poswiecenie-ornatu-blogoslawionych-meczennikow-pratulinskich\/","title":{"rendered":"Po\u015bwi\u0119cenie ornatu B\u0142ogos\u0142awionych M\u0119czennik\u00f3w Pratuli\u0144skich"},"content":{"rendered":"ngg_shortcode_0_placeholder\n","protected":false},"excerpt":{"rendered":"","protected":false},"author":3,"featured_media":0,"parent":42,"menu_order":0,"comment_status":"closed","ping_status":"closed","template":"","meta":{"ngg_post_thumbnail":0,"footnotes":""},"class_list":["post-1145","page","type-page","status-publish","hentry"],"_links":{"self":[{"href":"https:\/\/piusvdeblin.pl\/index.php\/wp-json\/wp\/v2\/pages\/1145","targetHints":{"allow":["GET"]}}],"collection":[{"href":"https:\/\/piusvdeblin.pl\/index.php\/wp-json\/wp\/v2\/pages"}],"about":[{"href":"https:\/\/piusvdeblin.pl\/index.php\/wp-json\/wp\/v2\/types\/page"}],"author":[{"embeddable":true,"href":"https:\/\/piusvdeblin.pl\/index.php\/wp-json\/wp\/v2\/users\/3"}],"replies":[{"embeddable":true,"href":"https:\/\/piusvdeblin.pl\/index.php\/wp-json\/wp\/v2\/comments?post=1145"}],"version-history":[{"count":2,"href":"https:\/\/piusvdeblin.pl\/index.php\/wp-json\/wp\/v2\/pages\/1145\/revisions"}],"predecessor-version":[{"id":1167,"href":"https:\/\/piusvdeblin.pl\/index.php\/wp-json\/wp\/v2\/pages\/1145\/revisions\/1167"}],"up":[{"embeddable":true,"href":"https:\/\/piusvdeblin.pl\/index.php\/wp-json\/wp\/v2\/pages\/42"}],"wp:attachment":[{"href":"https:\/\/piusvdeblin.pl\/index.php\/wp-json\/wp\/v2\/media?parent=1145"}],"curies":[{"name":"wp","href":"https:\/\/api.w.org\/{rel}","templated":true}]}}

Poświęcenie ornatu Błogosławionych Męczenników Pratulińskich
