{"id":2276,"date":"2025-08-06T17:54:38","date_gmt":"2025-08-06T15:54:38","guid":{"rendered":"https:\/\/piusvdeblin.pl\/?page_id=2276"},"modified":"2025-08-06T18:04:29","modified_gmt":"2025-08-06T16:04:29","slug":"instalacja-nowo-mianowanych-kanonikow-kapituly-garwolinskiej","status":"publish","type":"page","link":"https:\/\/piusvdeblin.pl\/index.php\/galeria\/instalacja-nowo-mianowanych-kanonikow-kapituly-garwolinskiej\/","title":{"rendered":"Instalacja nowo mianowanych kanonik\u00f3w Kapitu\u0142y Garwoli\u0144skiej"},"content":{"rendered":"ngg_shortcode_0_placeholder\n","protected":false},"excerpt":{"rendered":"","protected":false},"author":3,"featured_media":0,"parent":42,"menu_order":0,"comment_status":"closed","ping_status":"closed","template":"","meta":{"ngg_post_thumbnail":0,"footnotes":""},"class_list":["post-2276","page","type-page","status-publish","hentry"],"_links":{"self":[{"href":"https:\/\/piusvdeblin.pl\/index.php\/wp-json\/wp\/v2\/pages\/2276","targetHints":{"allow":["GET"]}}],"collection":[{"href":"https:\/\/piusvdeblin.pl\/index.php\/wp-json\/wp\/v2\/pages"}],"about":[{"href":"https:\/\/piusvdeblin.pl\/index.php\/wp-json\/wp\/v2\/types\/page"}],"author":[{"embeddable":true,"href":"https:\/\/piusvdeblin.pl\/index.php\/wp-json\/wp\/v2\/users\/3"}],"replies":[{"embeddable":true,"href":"https:\/\/piusvdeblin.pl\/index.php\/wp-json\/wp\/v2\/comments?post=2276"}],"version-history":[{"count":2,"href":"https:\/\/piusvdeblin.pl\/index.php\/wp-json\/wp\/v2\/pages\/2276\/revisions"}],"predecessor-version":[{"id":2294,"href":"https:\/\/piusvdeblin.pl\/index.php\/wp-json\/wp\/v2\/pages\/2276\/revisions\/2294"}],"up":[{"embeddable":true,"href":"https:\/\/piusvdeblin.pl\/index.php\/wp-json\/wp\/v2\/pages\/42"}],"wp:attachment":[{"href":"https:\/\/piusvdeblin.pl\/index.php\/wp-json\/wp\/v2\/media?parent=2276"}],"curies":[{"name":"wp","href":"https:\/\/api.w.org\/{rel}","templated":true}]}}

Instalacja nowo mianowanych kanoników Kapituły Garwolińskiej
