{"id":23,"date":"2023-11-08T00:29:07","date_gmt":"2023-11-07T23:29:07","guid":{"rendered":"https:\/\/piusvdeblin.pl\/?page_id=23"},"modified":"2026-03-30T17:22:54","modified_gmt":"2026-03-30T15:22:54","slug":"nabozenstwa","status":"publish","type":"page","link":"https:\/\/piusvdeblin.pl\/index.php\/nabozenstwa\/","title":{"rendered":"NABO\u017bE\u0143STWA"},"content":{"rendered":"<ul>\n<li>\n<h4>Msze \u015awi\u0119te w dni powszednie o godz. 7:00 i 18:00<\/h4>\n<\/li>\n<li>\n<h4>Msze \u015awi\u0119te w niedziel\u0119 i uroczysto\u015bci o godz. 8:00 ; 10:00 ; 11:00 (Kaplica); 12:00; 17:00<\/h4>\n<\/li>\n<li>\n<h4>Kancelaria czynna od poniedzia\u0142ku do soboty od godz. 17:00 do 17:45<\/h4>\n<\/li>\n<li>\n<h4>W ka\u017cdy czwartek godzin\u0119 przed Msz\u0105 \u015awi\u0119t\u0105 wieczorn\u0105 adoracja Naj\u015bwi\u0119tszego Sakramentu i modlitwa o powo\u0142ania kap\u0142a\u0144skie i zakonne.<\/h4>\n<\/li>\n<li>\n<h4>W pierwszy pi\u0105tek miesi\u0105ca&nbsp; p\u00f3\u0142 godziny przed Msz\u0105&nbsp;\u015awi\u0119t\u0105 Spowied\u017a a po Mszy \u015awi\u0119tej porannej i wieczornej Nabo\u017ce\u0144stwo Wynagradzaj\u0105ce Naj\u015bwi\u0119tszemu Sercu Pana Jezusa.<\/h4>\n<\/li>\n<li>\n<h4>W pierwsz\u0105 sobot\u0119&nbsp; miesi\u0105ca p\u00f3\u0142 godziny przed Msz\u0105 \u015awi\u0119t\u0105 porann\u0105 wystawienie Naj\u015bwi\u0119tszego Sakramentu i R\u00f3\u017caniec; Po Mszy \u015awi\u0119tej wieczornej nabo\u017ce\u0144stwo wynagradzaj\u0105ce Niepokalanemu Sercu NMP.<\/h4>\n<\/li>\n<li>\n<h4>Sakrament pokuty i pojednania kwadrans przed Msz\u0105 \u015bwi\u0119t\u0105<\/h4>\n<\/li>\n<li>\n<h4>Narzeczeni zg\u0142aszaj\u0105 ch\u0119\u0107 zawarcia sakramentu ma\u0142\u017ce\u0144stwa w kancelarii parafialnej najp\u00f3\u017aniej trzy miesi\u0105ce przed planowan\u0105 dat\u0105 \u015blubu<\/h4>\n<\/li>\n<li>\n<h4>Od maja do pa\u017adziernika 13-go dnia miesi\u0105ca Nabo\u017ce\u0144stwa Fatimskie po Mszy \u015aw<\/h4>\n<\/li>\n<li>\n<h4>Nabo\u017ce\u0144stwa (majowe, czerwcowe) i R\u00f3\u017caniec (pa\u017adziernik) po Mszy \u015aw. wieczorowej.<\/h4>\n<\/li>\n<\/ul>\n","protected":false},"excerpt":{"rendered":"<p>Msze \u015awi\u0119te w dni powszednie o godz. 7:00 i 18:00 Msze \u015awi\u0119te w niedziel\u0119 i uroczysto\u015bci o godz. 8:00 ; 10:00 ; 11:00 (Kaplica); 12:00; 17:00 Kancelaria czynna od poniedzia\u0142ku do soboty od godz. 17:00 do 17:45 W ka\u017cdy czwartek godzin\u0119 przed Msz\u0105 \u015awi\u0119t\u0105 wieczorn\u0105 adoracja Naj\u015bwi\u0119tszego Sakramentu i modlitwa o powo\u0142ania kap\u0142a\u0144skie i zakonne. W pierwszy pi\u0105tek miesi\u0105ca&nbsp; p\u00f3\u0142 godziny przed Msz\u0105&nbsp;\u015awi\u0119t\u0105 Spowied\u017a a po Mszy \u015awi\u0119tej porannej i wieczornej Nabo\u017ce\u0144stwo Wynagradzaj\u0105ce Naj\u015bwi\u0119tszemu Sercu Pana Jezusa. W pierwsz\u0105 sobot\u0119&nbsp; miesi\u0105ca p\u00f3\u0142 godziny przed Msz\u0105 \u015awi\u0119t\u0105 porann\u0105 wystawienie Naj\u015bwi\u0119tszego Sakramentu i R\u00f3\u017caniec; Po Mszy \u015awi\u0119tej wieczornej nabo\u017ce\u0144stwo wynagradzaj\u0105ce Niepokalanemu Sercu NMP. Sakrament pokuty i pojednania kwadrans przed Msz\u0105 \u015bwi\u0119t\u0105 Narzeczeni zg\u0142aszaj\u0105 ch\u0119\u0107 zawarcia sakramentu ma\u0142\u017ce\u0144stwa w kancelarii parafialnej najp\u00f3\u017aniej trzy miesi\u0105ce przed planowan\u0105 dat\u0105 \u015blubu Od maja do pa\u017adziernika 13-go dnia miesi\u0105ca Nabo\u017ce\u0144stwa Fatimskie po Mszy \u015aw Nabo\u017ce\u0144stwa (majowe, czerwcowe) i R\u00f3\u017caniec (pa\u017adziernik) po Mszy \u015aw. wieczorowej.<\/p>\n","protected":false},"author":1,"featured_media":0,"parent":0,"menu_order":0,"comment_status":"closed","ping_status":"closed","template":"","meta":{"ngg_post_thumbnail":0,"footnotes":""},"class_list":["post-23","page","type-page","status-publish","hentry"],"_links":{"self":[{"href":"https:\/\/piusvdeblin.pl\/index.php\/wp-json\/wp\/v2\/pages\/23","targetHints":{"allow":["GET"]}}],"collection":[{"href":"https:\/\/piusvdeblin.pl\/index.php\/wp-json\/wp\/v2\/pages"}],"about":[{"href":"https:\/\/piusvdeblin.pl\/index.php\/wp-json\/wp\/v2\/types\/page"}],"author":[{"embeddable":true,"href":"https:\/\/piusvdeblin.pl\/index.php\/wp-json\/wp\/v2\/users\/1"}],"replies":[{"embeddable":true,"href":"https:\/\/piusvdeblin.pl\/index.php\/wp-json\/wp\/v2\/comments?post=23"}],"version-history":[{"count":11,"href":"https:\/\/piusvdeblin.pl\/index.php\/wp-json\/wp\/v2\/pages\/23\/revisions"}],"predecessor-version":[{"id":2767,"href":"https:\/\/piusvdeblin.pl\/index.php\/wp-json\/wp\/v2\/pages\/23\/revisions\/2767"}],"wp:attachment":[{"href":"https:\/\/piusvdeblin.pl\/index.php\/wp-json\/wp\/v2\/media?parent=23"}],"curies":[{"name":"wp","href":"https:\/\/api.w.org\/{rel}","templated":true}]}}

NABOŻEŃSTWA

<ul>
<li>
<h4>Msze Święte w dni powszednie o godz. 7:00 i 18:00</h4>
</li>
<li>
<h4>Msze Święte w niedzielę i uroczystości o godz. 8:00 ; 10:00 ; 11:00 (Kaplica); 12:00; 17:00</h4>
</li>
<li>
<h4>Kancelaria czynna od poniedziałku do soboty od godz. 17:00 do 17:45</h4>
</li>
<li>
<h4>W każdy czwartek godzinę przed Mszą Świętą wieczorną adoracja Najświętszego Sakramentu i modlitwa o powołania kapłańskie i zakonne.</h4>
</li>
<li>
<h4>W pierwszy piątek miesiąca&nbsp; pół godziny przed Mszą&nbsp;Świętą Spowiedź a po Mszy Świętej porannej i wieczornej Nabożeństwo Wynagradzające Najświętszemu Sercu Pana Jezusa.</h4>
</li>
<li>
<h4>W pierwszą sobotę&nbsp; miesiąca pół godziny przed Mszą Świętą poranną wystawienie Najświętszego Sakramentu i Różaniec; Po Mszy Świętej wieczornej nabożeństwo wynagradzające Niepokalanemu Sercu NMP.</h4>
</li>
<li>
<h4>Sakrament pokuty i pojednania kwadrans przed Mszą świętą</h4>
</li>
<li>
<h4>Narzeczeni zgłaszają chęć zawarcia sakramentu małżeństwa w kancelarii parafialnej najpóźniej trzy miesiące przed planowaną datą ślubu</h4>
</li>
<li>
<h4>Od maja do października 13-go dnia miesiąca Nabożeństwa Fatimskie po Mszy Św</h4>
</li>
<li>
<h4>Nabożeństwa (majowe, czerwcowe) i Różaniec (październik) po Mszy Św. wieczorowej.</h4>
</li>
</ul>

<p>Msze Święte w dni powszednie o godz. 7:00 i 18:00 Msze Święte w niedzielę i uroczystości o godz. 8:00 ; 10:00 ; 11:00 (Kaplica); 12:00; 17:00 Kancelaria czynna od poniedziałku do soboty od godz. 17:00 do 17:45 W każdy czwartek godzinę przed Mszą Świętą wieczorną adoracja Najświętszego Sakramentu i modlitwa o powołania kapłańskie i zakonne. W pierwszy piątek miesiąca&nbsp; pół godziny przed Mszą&nbsp;Świętą Spowiedź a po Mszy Świętej porannej i wieczornej Nabożeństwo Wynagradzające Najświętszemu Sercu Pana Jezusa. W pierwszą sobotę&nbsp; miesiąca pół godziny przed Mszą Świętą poranną wystawienie Najświętszego Sakramentu i Różaniec; Po Mszy Świętej wieczornej nabożeństwo wynagradzające Niepokalanemu Sercu NMP. Sakrament pokuty i pojednania kwadrans przed Mszą świętą Narzeczeni zgłaszają chęć zawarcia sakramentu małżeństwa w kancelarii parafialnej najpóźniej trzy miesiące przed planowaną datą ślubu Od maja do października 13-go dnia miesiąca Nabożeństwa Fatimskie po Mszy Św Nabożeństwa (majowe, czerwcowe) i Różaniec (październik) po Mszy Św. wieczorowej.</p>
