{"id":26,"date":"2023-11-08T00:29:32","date_gmt":"2023-11-07T23:29:32","guid":{"rendered":"https:\/\/piusvdeblin.pl\/?page_id=26"},"modified":"2026-04-26T07:42:40","modified_gmt":"2026-04-26T05:42:40","slug":"ogloszenia","status":"publish","type":"page","link":"https:\/\/piusvdeblin.pl\/index.php\/ogloszenia\/","title":{"rendered":"OG\u0141OSZENIA"},"content":{"rendered":"<p><strong>Og\u0142oszenia parafialne IV Niedziela Wielkanocna 26.04.2026r.<\/strong><\/p>\n<p><strong>&nbsp;<\/strong><\/p>\n<p><strong>&nbsp;<\/strong><\/p>\n<ol>\n<li>Dzisiaj ofiary sk\u0142adane na tac\u0119 s\u0105 przeznaczone na utrzymanie Seminarium Duchownego w Siedlcach. Po Mszy \u015awi\u0119tej ofiary do puszek wspieraj\u0105ce pos\u0142ug\u0119 duszpastersk\u0105 Ks. Adama Przywuskiego na Ukrainie. &nbsp;<\/li>\n<\/ol>\n<p>&nbsp;<\/p>\n<ol start=\"2\">\n<li>W czwartek 30 kwietnia o godz. 18.00 na cmentarzu parafialnym w D\u0119blinie odpust \u015aw. Piusa V Papie\u017ca. Zapraszamy wszystkich Parafian i Go\u015bci na cmentarz parafialny, aby modli\u0107 si\u0119 za naszych zmar\u0142ych i ofiarowa\u0107 za Nich odpust.<\/li>\n<\/ol>\n<p>&nbsp;<\/p>\n<ol start=\"3\">\n<li>W pi\u0105tek rozpoczynamy miesi\u0105c maj zapraszamy na nabo\u017ce\u0144stwa majowe w dni powszednie po Mszy \u015awi\u0119tej o godz. 18.00. W niedziel\u0119 nabo\u017ce\u0144stwa majowe po Mszy \u015awi\u0119tej o godz. 10.00.<\/li>\n<\/ol>\n<p>&nbsp;<\/p>\n<ol start=\"4\">\n<li>W pi\u0105tek jest dyspensa od spo\u017cywania pokarm\u00f3w mi\u0119snych udzielona przez ks. Biskupa Kazimierza Gurd\u0119.<\/li>\n<\/ol>\n<p>&nbsp;<\/p>\n<ol start=\"5\">\n<li>W sobot\u0119 Uroczysto\u015b\u0107 Naj\u015bwi\u0119tszej Maryi Panny Kr\u00f3lowej Polski przeniesiona z 3 maja. Zapraszamy na Msze \u015awi\u0119te do Ko\u015bcio\u0142a na godz. 8.00, 10.00 i 18.00.<\/li>\n<\/ol>\n<p>&nbsp;<\/p>\n<ol start=\"6\">\n<li>W tym tygodniu I pi\u0105tek i I sobota miesi\u0105ca nabo\u017ce\u0144stwa po\u0142\u0105czone z maj\u00f3wk\u0105 po Mszy \u015awi\u0119tej o godz. 18.00.<\/li>\n<\/ol>\n<p>&nbsp;<\/p>\n<ol start=\"7\">\n<li>W imieniu organizator\u00f3w Burmistrza Miasta D\u0119blin oraz Dow\u00f3dcy Garnizonu D\u0119blin serdecznie zapraszamy na uroczyste obchody 235 rocznicy Uchwalenia Konstytucji 3 Maja. Zapraszamy na Msz\u0119 \u015awi\u0119t\u0105 w intencji Ojczyzny w przysz\u0142\u0105 niedziel\u0119 3 maja na godz. 10.00 do Ko\u015bcio\u0142a pw. \u015aw. Piusa V Papie\u017ca. Po Mszy \u015awi\u0119tej nabo\u017ce\u0144stwo majowe i procesja wok\u00f3\u0142 Ko\u015bcio\u0142a, a nast\u0119pnie przemarsz pod Pomnik Niepodleg\u0142o\u015bci przy Urz\u0119dzie Miasta, gdzie odb\u0119dzie si\u0119 uroczysty Apel i dalsza cz\u0119\u015b\u0107 uroczysto\u015bci. O godz. 16.00 w Ko\u015bciele Chrystusa Mi\u0142osiernego w D\u0119blinie odb\u0119dzie si\u0119 Koncert Patriotyczny Orkiestry Wojskowej w D\u0119blinie.<\/li>\n<\/ol>\n<p>&nbsp;<\/p>\n<ol start=\"8\">\n<li>W przysz\u0142\u0105 niedziel\u0119 o godz. 12.00 odpust w Kaplicy na Masowie ku czci NMP Kr\u00f3lowej Polski.<\/li>\n<\/ol>\n<p>&nbsp;<\/p>\n<ol start=\"9\">\n<li>W przysz\u0142\u0105 niedziel\u0119 w naszej parafii taca inwestycyjna.<\/li>\n<\/ol>\n<p>&nbsp;<\/p>\n<ol start=\"10\">\n<li>W nowym Echu Katolickim przeczytamy: Ksi\u0119\u017ca nie bior\u0105 si\u0119 z ksi\u0119\u017cyca \u2013 jaki wp\u0142yw jako \u015bwieccy mamy na powo\u0142ania i jaki model duszpasterstwa mo\u017ce czeka\u0107 nas w przysz\u0142o\u015bci? Co zrobi\u0107, gdy dziecko m\u00f3wi nie wierz\u0119, nie chc\u0119 chodzi\u0107 do ko\u015bcio\u0142a. Zapraszamy do lektury.<\/li>\n<\/ol>\n<p>&nbsp;<\/p>\n<ol start=\"11\">\n<li>Zapowiedzi przed\u015blubne: 1. Dawid Ho\u0142uj kawaler z ul. Warszawskiej z par. pw. Matki Bo\u017cej Loreta\u0144skiej w D\u0119blinie i Joanna Jawoszek panna z ul. Modrzewskiego z naszej parafii \u2013 zapowied\u017a druga.<\/li>\n<\/ol>\n<p>&nbsp;<\/p>\n<ol start=\"12\">\n<li>W ostatnim tygodniu w naszej parafii odby\u0142y si\u0119 pogrzeby: \u015bp. + Zofii Jaworskiej z ul. Sochackiego, \u015bp. + Ewy Jemielniak z ul. Jagiello\u0144skiej, \u015bp. + Jana Wojtasia z ul. Konopnickiej, \u015bp. + Jana Lipnickiego z ul. Lipowej. Pole\u0107my Ich Bo\u017cemu Mi\u0142osierdziu. Wieczny odpoczynek racz Im da\u0107 Panie.<\/li>\n<\/ol>\n","protected":false},"excerpt":{"rendered":"<p>Og\u0142oszenia parafialne IV Niedziela Wielkanocna 26.04.2026r. &nbsp; &nbsp; Dzisiaj ofiary sk\u0142adane na tac\u0119 s\u0105 przeznaczone na utrzymanie Seminarium Duchownego w Siedlcach. Po Mszy \u015awi\u0119tej ofiary do puszek wspieraj\u0105ce pos\u0142ug\u0119 duszpastersk\u0105 Ks. Adama Przywuskiego na Ukrainie. &nbsp; &nbsp; W czwartek 30 kwietnia o godz. 18.00 na cmentarzu parafialnym w D\u0119blinie odpust \u015aw. Piusa V Papie\u017ca. Zapraszamy wszystkich Parafian i Go\u015bci na cmentarz parafialny, aby modli\u0107 si\u0119 za naszych zmar\u0142ych i ofiarowa\u0107 za Nich odpust. &nbsp; W pi\u0105tek rozpoczynamy miesi\u0105c maj zapraszamy na nabo\u017ce\u0144stwa majowe w dni powszednie po Mszy \u015awi\u0119tej o godz. 18.00. W niedziel\u0119 nabo\u017ce\u0144stwa majowe po Mszy \u015awi\u0119tej o godz. 10.00. &nbsp; W pi\u0105tek jest dyspensa od spo\u017cywania pokarm\u00f3w mi\u0119snych udzielona przez ks. Biskupa Kazimierza Gurd\u0119. &nbsp; W sobot\u0119 Uroczysto\u015b\u0107 Naj\u015bwi\u0119tszej Maryi Panny Kr\u00f3lowej Polski przeniesiona z 3 maja. Zapraszamy na Msze \u015awi\u0119te do Ko\u015bcio\u0142a na godz. 8.00, 10.00 i 18.00. &nbsp; W tym tygodniu I pi\u0105tek i I sobota miesi\u0105ca nabo\u017ce\u0144stwa po\u0142\u0105czone z maj\u00f3wk\u0105 po Mszy \u015awi\u0119tej o godz. 18.00. &nbsp; W imieniu organizator\u00f3w Burmistrza Miasta D\u0119blin oraz Dow\u00f3dcy Garnizonu D\u0119blin serdecznie zapraszamy na uroczyste obchody 235 rocznicy Uchwalenia Konstytucji 3 Maja. Zapraszamy na Msz\u0119 \u015awi\u0119t\u0105 w intencji Ojczyzny w przysz\u0142\u0105 niedziel\u0119 3 maja na godz. 10.00 do Ko\u015bcio\u0142a pw. \u015aw. Piusa V Papie\u017ca. Po Mszy \u015awi\u0119tej nabo\u017ce\u0144stwo majowe i procesja wok\u00f3\u0142 Ko\u015bcio\u0142a, a nast\u0119pnie przemarsz pod Pomnik Niepodleg\u0142o\u015bci przy Urz\u0119dzie Miasta, gdzie odb\u0119dzie si\u0119 uroczysty Apel i dalsza cz\u0119\u015b\u0107 uroczysto\u015bci. O godz. 16.00 w Ko\u015bciele Chrystusa Mi\u0142osiernego w D\u0119blinie odb\u0119dzie si\u0119 Koncert Patriotyczny Orkiestry Wojskowej w D\u0119blinie. &nbsp; W przysz\u0142\u0105 niedziel\u0119 o godz. 12.00 odpust w Kaplicy na Masowie ku czci NMP Kr\u00f3lowej Polski. &nbsp; W przysz\u0142\u0105 niedziel\u0119 w naszej parafii taca inwestycyjna. &nbsp; W nowym Echu Katolickim przeczytamy: Ksi\u0119\u017ca nie bior\u0105 si\u0119 z ksi\u0119\u017cyca \u2013 jaki wp\u0142yw jako \u015bwieccy mamy na powo\u0142ania i jaki model duszpasterstwa mo\u017ce czeka\u0107 nas w przysz\u0142o\u015bci? Co zrobi\u0107, gdy dziecko m\u00f3wi nie wierz\u0119, nie chc\u0119 chodzi\u0107 do ko\u015bcio\u0142a. Zapraszamy do lektury. &nbsp; Zapowiedzi przed\u015blubne: 1. Dawid Ho\u0142uj kawaler z ul. Warszawskiej z par. pw. Matki Bo\u017cej Loreta\u0144skiej w D\u0119blinie i Joanna Jawoszek panna z ul. Modrzewskiego z naszej parafii \u2013 zapowied\u017a druga. &nbsp; W ostatnim tygodniu w naszej parafii odby\u0142y si\u0119 pogrzeby: \u015bp. + Zofii Jaworskiej z ul. Sochackiego, \u015bp. + Ewy Jemielniak z ul. Jagiello\u0144skiej, \u015bp. + Jana Wojtasia z ul. Konopnickiej, \u015bp. + Jana Lipnickiego z ul. Lipowej. Pole\u0107my Ich Bo\u017cemu Mi\u0142osierdziu. Wieczny odpoczynek racz Im da\u0107 Panie.<\/p>\n","protected":false},"author":1,"featured_media":0,"parent":0,"menu_order":0,"comment_status":"closed","ping_status":"closed","template":"","meta":{"ngg_post_thumbnail":0,"footnotes":""},"class_list":["post-26","page","type-page","status-publish","hentry"],"_links":{"self":[{"href":"https:\/\/piusvdeblin.pl\/index.php\/wp-json\/wp\/v2\/pages\/26","targetHints":{"allow":["GET"]}}],"collection":[{"href":"https:\/\/piusvdeblin.pl\/index.php\/wp-json\/wp\/v2\/pages"}],"about":[{"href":"https:\/\/piusvdeblin.pl\/index.php\/wp-json\/wp\/v2\/types\/page"}],"author":[{"embeddable":true,"href":"https:\/\/piusvdeblin.pl\/index.php\/wp-json\/wp\/v2\/users\/1"}],"replies":[{"embeddable":true,"href":"https:\/\/piusvdeblin.pl\/index.php\/wp-json\/wp\/v2\/comments?post=26"}],"version-history":[{"count":213,"href":"https:\/\/piusvdeblin.pl\/index.php\/wp-json\/wp\/v2\/pages\/26\/revisions"}],"predecessor-version":[{"id":2852,"href":"https:\/\/piusvdeblin.pl\/index.php\/wp-json\/wp\/v2\/pages\/26\/revisions\/2852"}],"wp:attachment":[{"href":"https:\/\/piusvdeblin.pl\/index.php\/wp-json\/wp\/v2\/media?parent=26"}],"curies":[{"name":"wp","href":"https:\/\/api.w.org\/{rel}","templated":true}]}}

OGŁOSZENIA

<p><strong>Ogłoszenia parafialne IV Niedziela Wielkanocna 26.04.2026r.</strong></p>
<p><strong>&nbsp;</strong></p>
<p><strong>&nbsp;</strong></p>
<ol>
<li>Dzisiaj ofiary składane na tacę są przeznaczone na utrzymanie Seminarium Duchownego w Siedlcach. Po Mszy Świętej ofiary do puszek wspierające posługę duszpasterską Ks. Adama Przywuskiego na Ukrainie. &nbsp;</li>
</ol>
<p>&nbsp;</p>
<ol start="2">
<li>W czwartek 30 kwietnia o godz. 18.00 na cmentarzu parafialnym w Dęblinie odpust Św. Piusa V Papieża. Zapraszamy wszystkich Parafian i Gości na cmentarz parafialny, aby modlić się za naszych zmarłych i ofiarować za Nich odpust.</li>
</ol>
<p>&nbsp;</p>
<ol start="3">
<li>W piątek rozpoczynamy miesiąc maj zapraszamy na nabożeństwa majowe w dni powszednie po Mszy Świętej o godz. 18.00. W niedzielę nabożeństwa majowe po Mszy Świętej o godz. 10.00.</li>
</ol>
<p>&nbsp;</p>
<ol start="4">
<li>W piątek jest dyspensa od spożywania pokarmów mięsnych udzielona przez ks. Biskupa Kazimierza Gurdę.</li>
</ol>
<p>&nbsp;</p>
<ol start="5">
<li>W sobotę Uroczystość Najświętszej Maryi Panny Królowej Polski przeniesiona z 3 maja. Zapraszamy na Msze Święte do Kościoła na godz. 8.00, 10.00 i 18.00.</li>
</ol>
<p>&nbsp;</p>
<ol start="6">
<li>W tym tygodniu I piątek i I sobota miesiąca nabożeństwa połączone z majówką po Mszy Świętej o godz. 18.00.</li>
</ol>
<p>&nbsp;</p>
<ol start="7">
<li>W imieniu organizatorów Burmistrza Miasta Dęblin oraz Dowódcy Garnizonu Dęblin serdecznie zapraszamy na uroczyste obchody 235 rocznicy Uchwalenia Konstytucji 3 Maja. Zapraszamy na Mszę Świętą w intencji Ojczyzny w przyszłą niedzielę 3 maja na godz. 10.00 do Kościoła pw. Św. Piusa V Papieża. Po Mszy Świętej nabożeństwo majowe i procesja wokół Kościoła, a następnie przemarsz pod Pomnik Niepodległości przy Urzędzie Miasta, gdzie odbędzie się uroczysty Apel i dalsza część uroczystości. O godz. 16.00 w Kościele Chrystusa Miłosiernego w Dęblinie odbędzie się Koncert Patriotyczny Orkiestry Wojskowej w Dęblinie.</li>
</ol>
<p>&nbsp;</p>
<ol start="8">
<li>W przyszłą niedzielę o godz. 12.00 odpust w Kaplicy na Masowie ku czci NMP Królowej Polski.</li>
</ol>
<p>&nbsp;</p>
<ol start="9">
<li>W przyszłą niedzielę w naszej parafii taca inwestycyjna.</li>
</ol>
<p>&nbsp;</p>
<ol start="10">
<li>W nowym Echu Katolickim przeczytamy: Księża nie biorą się z księżyca – jaki wpływ jako świeccy mamy na powołania i jaki model duszpasterstwa może czekać nas w przyszłości? Co zrobić, gdy dziecko mówi nie wierzę, nie chcę chodzić do kościoła. Zapraszamy do lektury.</li>
</ol>
<p>&nbsp;</p>
<ol start="11">
<li>Zapowiedzi przedślubne: 1. Dawid Hołuj kawaler z ul. Warszawskiej z par. pw. Matki Bożej Loretańskiej w Dęblinie i Joanna Jawoszek panna z ul. Modrzewskiego z naszej parafii – zapowiedź druga.</li>
</ol>
<p>&nbsp;</p>
<ol start="12">
<li>W ostatnim tygodniu w naszej parafii odbyły się pogrzeby: śp. + Zofii Jaworskiej z ul. Sochackiego, śp. + Ewy Jemielniak z ul. Jagiellońskiej, śp. + Jana Wojtasia z ul. Konopnickiej, śp. + Jana Lipnickiego z ul. Lipowej. Polećmy Ich Bożemu Miłosierdziu. Wieczny odpoczynek racz Im dać Panie.</li>
</ol>

<p>Ogłoszenia parafialne IV Niedziela Wielkanocna 26.04.2026r. &nbsp; &nbsp; Dzisiaj ofiary składane na tacę są przeznaczone na utrzymanie Seminarium Duchownego w Siedlcach. Po Mszy Świętej ofiary do puszek wspierające posługę duszpasterską Ks. Adama Przywuskiego na Ukrainie. &nbsp; &nbsp; W czwartek 30 kwietnia o godz. 18.00 na cmentarzu parafialnym w Dęblinie odpust Św. Piusa V Papieża. Zapraszamy wszystkich Parafian i Gości na cmentarz parafialny, aby modlić się za naszych zmarłych i ofiarować za Nich odpust. &nbsp; W piątek rozpoczynamy miesiąc maj zapraszamy na nabożeństwa majowe w dni powszednie po Mszy Świętej o godz. 18.00. W niedzielę nabożeństwa majowe po Mszy Świętej o godz. 10.00. &nbsp; W piątek jest dyspensa od spożywania pokarmów mięsnych udzielona przez ks. Biskupa Kazimierza Gurdę. &nbsp; W sobotę Uroczystość Najświętszej Maryi Panny Królowej Polski przeniesiona z 3 maja. Zapraszamy na Msze Święte do Kościoła na godz. 8.00, 10.00 i 18.00. &nbsp; W tym tygodniu I piątek i I sobota miesiąca nabożeństwa połączone z majówką po Mszy Świętej o godz. 18.00. &nbsp; W imieniu organizatorów Burmistrza Miasta Dęblin oraz Dowódcy Garnizonu Dęblin serdecznie zapraszamy na uroczyste obchody 235 rocznicy Uchwalenia Konstytucji 3 Maja. Zapraszamy na Mszę Świętą w intencji Ojczyzny w przyszłą niedzielę 3 maja na godz. 10.00 do Kościoła pw. Św. Piusa V Papieża. Po Mszy Świętej nabożeństwo majowe i procesja wokół Kościoła, a następnie przemarsz pod Pomnik Niepodległości przy Urzędzie Miasta, gdzie odbędzie się uroczysty Apel i dalsza część uroczystości. O godz. 16.00 w Kościele Chrystusa Miłosiernego w Dęblinie odbędzie się Koncert Patriotyczny Orkiestry Wojskowej w Dęblinie. &nbsp; W przyszłą niedzielę o godz. 12.00 odpust w Kaplicy na Masowie ku czci NMP Królowej Polski. &nbsp; W przyszłą niedzielę w naszej parafii taca inwestycyjna. &nbsp; W nowym Echu Katolickim przeczytamy: Księża nie biorą się z księżyca – jaki wpływ jako świeccy mamy na powołania i jaki model duszpasterstwa może czekać nas w przyszłości? Co zrobić, gdy dziecko mówi nie wierzę, nie chcę chodzić do kościoła. Zapraszamy do lektury. &nbsp; Zapowiedzi przedślubne: 1. Dawid Hołuj kawaler z ul. Warszawskiej z par. pw. Matki Bożej Loretańskiej w Dęblinie i Joanna Jawoszek panna z ul. Modrzewskiego z naszej parafii – zapowiedź druga. &nbsp; W ostatnim tygodniu w naszej parafii odbyły się pogrzeby: śp. + Zofii Jaworskiej z ul. Sochackiego, śp. + Ewy Jemielniak z ul. Jagiellońskiej, śp. + Jana Wojtasia z ul. Konopnickiej, śp. + Jana Lipnickiego z ul. Lipowej. Polećmy Ich Bożemu Miłosierdziu. Wieczny odpoczynek racz Im dać Panie.</p>
