{"id":2729,"date":"2026-03-29T21:05:20","date_gmt":"2026-03-29T19:05:20","guid":{"rendered":"https:\/\/piusvdeblin.pl\/?page_id=2729"},"modified":"2026-03-29T21:08:37","modified_gmt":"2026-03-29T19:08:37","slug":"droga-krzyzowa-i-poswiecenie-krzyza-przy-ul-spacerowej-29-03-2026","status":"publish","type":"page","link":"https:\/\/piusvdeblin.pl\/index.php\/galeria\/droga-krzyzowa-i-poswiecenie-krzyza-przy-ul-spacerowej-29-03-2026\/","title":{"rendered":"Droga Krzy\u017cowa i Po\u015bwi\u0119cenie Krzy\u017ca przy ul. Spacerowej 29.03.2026"},"content":{"rendered":"ngg_shortcode_0_placeholder\n","protected":false},"excerpt":{"rendered":"","protected":false},"author":3,"featured_media":0,"parent":42,"menu_order":0,"comment_status":"closed","ping_status":"closed","template":"","meta":{"ngg_post_thumbnail":0,"footnotes":""},"class_list":["post-2729","page","type-page","status-publish","hentry"],"_links":{"self":[{"href":"https:\/\/piusvdeblin.pl\/index.php\/wp-json\/wp\/v2\/pages\/2729","targetHints":{"allow":["GET"]}}],"collection":[{"href":"https:\/\/piusvdeblin.pl\/index.php\/wp-json\/wp\/v2\/pages"}],"about":[{"href":"https:\/\/piusvdeblin.pl\/index.php\/wp-json\/wp\/v2\/types\/page"}],"author":[{"embeddable":true,"href":"https:\/\/piusvdeblin.pl\/index.php\/wp-json\/wp\/v2\/users\/3"}],"replies":[{"embeddable":true,"href":"https:\/\/piusvdeblin.pl\/index.php\/wp-json\/wp\/v2\/comments?post=2729"}],"version-history":[{"count":2,"href":"https:\/\/piusvdeblin.pl\/index.php\/wp-json\/wp\/v2\/pages\/2729\/revisions"}],"predecessor-version":[{"id":2762,"href":"https:\/\/piusvdeblin.pl\/index.php\/wp-json\/wp\/v2\/pages\/2729\/revisions\/2762"}],"up":[{"embeddable":true,"href":"https:\/\/piusvdeblin.pl\/index.php\/wp-json\/wp\/v2\/pages\/42"}],"wp:attachment":[{"href":"https:\/\/piusvdeblin.pl\/index.php\/wp-json\/wp\/v2\/media?parent=2729"}],"curies":[{"name":"wp","href":"https:\/\/api.w.org\/{rel}","templated":true}]}}

Droga Krzyżowa i Poświęcenie Krzyża przy ul. Spacerowej 29.03.2026
