{"id":739,"date":"2024-04-29T22:07:39","date_gmt":"2024-04-29T20:07:39","guid":{"rendered":"https:\/\/piusvdeblin.pl\/?page_id=739"},"modified":"2024-04-29T22:15:43","modified_gmt":"2024-04-29T20:15:43","slug":"odpust-sw-piusa-v-i-rocznica-i-komunii-swietej-2024","status":"publish","type":"page","link":"https:\/\/piusvdeblin.pl\/index.php\/galeria\/odpust-sw-piusa-v-i-rocznica-i-komunii-swietej-2024\/","title":{"rendered":"Odpust \u015bw. Piusa V i Rocznica I Komunii \u015awi\u0119tej 2024"},"content":{"rendered":"ngg_shortcode_0_placeholder\n","protected":false},"excerpt":{"rendered":"","protected":false},"author":3,"featured_media":0,"parent":42,"menu_order":0,"comment_status":"closed","ping_status":"closed","template":"","meta":{"ngg_post_thumbnail":0,"footnotes":""},"class_list":["post-739","page","type-page","status-publish","hentry"],"_links":{"self":[{"href":"https:\/\/piusvdeblin.pl\/index.php\/wp-json\/wp\/v2\/pages\/739","targetHints":{"allow":["GET"]}}],"collection":[{"href":"https:\/\/piusvdeblin.pl\/index.php\/wp-json\/wp\/v2\/pages"}],"about":[{"href":"https:\/\/piusvdeblin.pl\/index.php\/wp-json\/wp\/v2\/types\/page"}],"author":[{"embeddable":true,"href":"https:\/\/piusvdeblin.pl\/index.php\/wp-json\/wp\/v2\/users\/3"}],"replies":[{"embeddable":true,"href":"https:\/\/piusvdeblin.pl\/index.php\/wp-json\/wp\/v2\/comments?post=739"}],"version-history":[{"count":2,"href":"https:\/\/piusvdeblin.pl\/index.php\/wp-json\/wp\/v2\/pages\/739\/revisions"}],"predecessor-version":[{"id":764,"href":"https:\/\/piusvdeblin.pl\/index.php\/wp-json\/wp\/v2\/pages\/739\/revisions\/764"}],"up":[{"embeddable":true,"href":"https:\/\/piusvdeblin.pl\/index.php\/wp-json\/wp\/v2\/pages\/42"}],"wp:attachment":[{"href":"https:\/\/piusvdeblin.pl\/index.php\/wp-json\/wp\/v2\/media?parent=739"}],"curies":[{"name":"wp","href":"https:\/\/api.w.org\/{rel}","templated":true}]}}

Odpust św. Piusa V i Rocznica I Komunii Świętej 2024
